10
Let x(q) = -q**2 - 243*q + 21423. What is x(-312)?
-105
Let b(y) = -1762*y - 189669. What is b(-108)?
627
Let f(o) = -4*o**3 + 128*o**2 + 25*o - 547. Calculate f(32).
253
Let n(i) = -1192*i**3 + 2*i**2 + 6508*i + 6507. Give n(-1).
1193
Let w(r) = 5*r**2 + 2928*r - 82715. Determine w(27).
-14
Let q(h) = -h**3 - 502*h**2 - 24972*h + 189. Determine q(-56).
-35
Let c(v) = -29*v**3 + 10005*v**2 - 38*v + 13091. What is c(345)?
-19
Let b(m) = -14*m**2 - 1458*m - 207. Calculate b(-104).
1
Let m(j) = 93030*j + 2418836. What is m(-26)?
56
Let q(w) = 129*w**2 + 4450*w + 2178. Calculate q(-34).
2
Let j(d) = -6876*d - 103211. Determine j(-15).
-71
Let y(q) = -69*q**2 + 1569*q + 400. Determine y(23).
-14
Let x(k) = -126*k**3 - 1850*k**2 + 4*k - 2. What is x(-15)?
8938
Let c(s) = 468769*s - 18750766. What is c(40)?
-6
Let t(f) = f**2 + 1098*f - 11026. What is t(10)?
54
Let s(p) = -p**3 + 3*p**2 + 147*p - 333. Determine s(12).
135
Let a(x) = x**3 + 78*x**2 - 1841*x + 51. Give a(-97).
-143
Let t(o) = -49*o**2 + 1418*o + 4263. Give t(-3).
-432
Let z(g) = -16209*g + 129689. What is z(8)?
17
Let l(d) = 9896*d + 97125. Give l(-10).
-1835
Let s(f) = f**2 + 9572*f - 249573. What is s(26)?
-25
Let b(d) = 2489*d + 37447. Determine b(-15).
112
Let v(z) = 39*z - 5254. Give v(139).
167
Let m(b) = -264*b + 1918. Calculate m(8).
-194
Let b(w) = -3*w**2 - 466*w + 8212. What is b(16)?
-12
Let o(i) = -6*i**2 + 870*i - 966. Give o(146).
-1842
Let c(t) = 2397*t + 38343. Determine c(-16).
-9
Let x(y) = y**3 - 274*y**2 + 8565*y + 711. Calculate x(238).
-3
Let x(k) = 8*k**3 - 22*k**2 - 647*k + 665. What is x(10)?
-5
Let l(c) = 7185*c - 1925579. Determine l(268).
1
Let p(k) = 764*k - 8283. Calculate p(11).
121
Let z(r) = -r**2 - 3748*r + 8466640. Calculate z(1587).
-5
Let h(m) = 5*m**2 + 4358*m + 6. Give h(0).
6
Let n(y) = y**3 - 49*y**2 - 519*y - 208. What is n(58)?
-34
Let w(m) = -10*m**2 - 2253*m - 1246. Give w(-225).
-571
Let a(n) = 11*n**2 - 462*n + 1244. Determine a(3).
-43
Let q(h) = h**3 - 17*h**2 - 200*h - 894. Determine q(26).
-10
Let v(k) = -1585*k + 1640470. Determine v(1035).
-5
Let v(j) = 12*j**2 + 448*j + 3493. Determine v(-26).
-43
Let g(o) = -91*o + 855. Calculate g(-27).
3312
Let r(t) = 2*t**3 + 253*t**2 + 103*t - 3146. What is r(-126)?
-248
Let i(j) = 19*j**2 + 423*j - 52. Determine i(-23).
270
Let z(j) = 6419*j + 101747. Determine z(-16).
-957
Let u(p) = -12324*p + 924312. Calculate u(75).
12
Let m(n) = -n**3 - 230*n**2 + 413*n + 69. What is m(2)?
-33
Let i(x) = 12*x**2 - 422*x - 2120. Determine i(-5).
290
Let y(z) = 2*z**2 + 143609*z - 861725. Calculate y(6).
1
Let t(i) = 11*i**2 + 257*i - 29. What is t(-4)?
-881
Let t(f) = 16*f**2 + 1955*f + 429. Calculate t(-122).
63
Let h(k) = k**3 + 167*k**2 + 3022*k + 474088. Give h(-166).
-8
Let w(g) = -g**2 - 3146*g + 5265191. Calculate w(1209).
-4
Let l(y) = -y**3 + 218*y**2 + 11320*y + 54495. What is l(262)?
-1
Let p(y) = y**2 + 421*y + 27793. Calculate p(-82).
-5
Let u(r) = -r**3 - 39*r**2 + 219*r + 1561. Determine u(-43).
-460
Let a(q) = q**2 + 122*q - 2917. Calculate a(26).
931
Let o(n) = -n**3 + 16*n**2 + 167*n + 27. Calculate o(-8).
227
Let r(b) = 6*b**2 - 357*b - 560. Determine r(63).
763
Let f(x) = -571*x - 44573. Calculate f(-78).
-35
Let d(m) = 1288*m + 19392. Determine d(-15).
72
Let y(g) = -3*g**3 - 511*g**2 + 2480*g + 5295. What is y(-175)?
45
Let d(a) = 2*a**3 - 11*a**2 - 158*a + 158. Calculate d(-7).
39
Let m(u) = -3*u**2 + 217*u + 36931. What is m(153)?
-95
Let u(y) = -125304*y + 4009731. Calculate u(32).
3
Let a(q) = 18030*q - 4309165. Calculate a(239).
5
Let s(l) = 2067*l + 303971. Calculate s(-147).
122
Let m(n) = -16*n**2 + 621*n + 5285. Determine m(46).
-5
Let w(s) = -38*s**3 - 190*s**2 - 42*s - 143. Calculate w(-5).
67
Let u(g) = 97204*g + 583225. What is u(-6)?
1
Let s(f) = -f**2 + 3595*f + 476539. Determine s(-128).
-5
Let u(m) = -2*m**2 + 1493*m - 27648. Determine u(19).
-3
Let d(u) = -43*u**3 - 90*u**2 + 87*u + 6. Give d(1).
-40
Let d(r) = 3*r**3 + 50*r**2 + 76*r - 49. Determine d(-15).
-64
Let t(a) = 17*a**2 + 1471*a - 78. Give t(-86).
-852
Let u(t) = t**2 + 6643*t + 1056236. What is u(-163)?
-4
Let b(m) = -3*m**2 - 807*m - 5920. Determine b(-261).
344
Let p(g) = -214*g**2 - 581*g + 33815. Calculate p(-14).
5
Let m(o) = 3*o**3 + 83*o**2 - 66*o - 1075. Determine m(-28).
-11
Let z(b) = b**3 + 11*b**2 + 1491*b + 14820. Determine z(-10).
10
Let w(b) = -3003*b**2 + 51052*b - 51. Calculate w(17).
-34
Let a(b) = 2*b**2 - 20208*b - 40415. Give a(-2).
9
Let p(h) = 4*h**2 - 518*h - 2255. Determine p(134).
157
Let t(x) = -70*x - 4760. Give t(-69).
70
Let q(s) = 23462*s - 469587. Give q(20).
-347
Let r(b) = 5603*b - 1137455. Give r(203).
-46
Let v(s) = 62*s**2 - 4718*s + 433. Calculate v(76).
-23
Let u(h) = 103*h**2 + 788*h - 254. Give u(-8).
34
Let m(t) = 10630*t - 85679. What is m(8)?
-639
Let t(x) = 289*x**3 - 11*x + 7. Calculate t(1).
285
Let d(j) = 2780*j - 3127490. What is d(1125)?
10
Let a(l) = 115221*l + 26846501. Give a(-233).
8
Let x(u) = u**3 - 524*u**2 - 16043*u + 3376. Determine x(553).
58
Let x(m) = 170*m + 4156. Calculate x(-17).
1266
Let l(p) = 58*p**3 - 7655*p**2 - 145*p + 1722. Calculate l(132).
6
Let n(a) = a**3 - 129*a**2 + 860*a - 831. Determine n(122).
-99
Let p(f) = 64320*f - 2379838. Determine p(37).
2
Let b(i) = -i**3 - 51*i**2 - 622*i - 123. Calculate b(-20).
-83
Let w(n) = -123518*n + 31250062. Calculate w(253).
8
Let h(a) = a**3 - 10*a**2 + 15*a - 1. What is h(4)?
-37
Let p(c) = -4*c**3 - 1000*c**2 - 1986*c - 518. Give p(-248).
-22
Let m(f) = f**3 + 326*f**2 - 94*f - 30664. Give m(-326).
-20
Let n(p) = 135*p - 10256. Determine n(76).
4
Let i(j) = -14843*j - 831206. What is i(-56)?
2
Let b(n) = -41*n**3 - 2508*n**2 - 376*n + 3121. What is b(-61)?
10
Let n(j) = -j**3 + 19*j**2 - 43*j - 209. Calculate n(13).
246
Let k(i) = i**2 + 1259*i - 37069. Give k(28).
-1033
Let k(h) = 349*h**2 - 4884*h - 32. Calculate k(14).
-4
Let x(g) = -3*g**2 - 1611*g - 148333. Calculate x(-118).
-7
Let w(z) = 202*z**2 - 160413*z + 19849. What is w(794)?
-1
Let s(a) = a**2 + 11465*a + 91694. Give s(-8).
38
Let w(j) = -5*j**2 - 133*j - 835. Determine w(-12).
41
Let j(o) = -4*o**3 - 1549*o**2 + 1221*o + 22122. Calculate j(-388).
6
Let d(r) = -852*r + 39267. Give d(48).
-1629
Let n(b) = -153*b**3 - 49*b**2 - 69*b - 20. Give n(-1).
153
Let k(v) = 3*v**2 - 629*v + 2681. Determine k(0).
2681
Let q(p) = -3*p**2 - 445*p - 493. Determine q(-147).
95
Let i(m) = -2*m**3 - 5*m**2 - 13002*m - 12998. Calculate i(-1).
1
Let a(u) = 702*u + 172767. Calculate a(-246).
75
Let h(i) = 1481*i - 23830. Calculate h(16).
-134
Let k(p) = -p**3 + 72*p**2 + 169*p - 1410. Give k(74).
144
Let j(k) = -6369*k + 280247. What is j(44)?
11
Let a(z) = z**2 + 847*z - 1009818. Give a(667).
20
Let f(l) = 3085*l**2 + 12317*l + 21. Give f(-4).
113
Let x(c) = -280*c**2 - 1682*c - 59. What is x(-6)?
-47
Let c(x) = -78*x**3 - 1166*x**2 + 92*x + 473. Calculate c(-15).
-7
Let x(u) = -1799*u + 5380. What is x(1)?
3581
Let j(r) = -85*r**3 + 8*r**2 + 193*r - 202. Calculate j(1).
-86
Let n(r) = 3*r**2 + 430*r - 9585. Give n(-164).
583
Let p(z) = -z**3 - 13*z**2 - 832*z + 6807. Give p(7).
3
Let g(v) = v**3 - 25*v**2 + 693*v - 17323. What is g(25)?
2
Let d(l) = -12*l**2 + 434*l - 4044. What is d(20)?
-164
Let z(h) = -3*h**3 + 92*h**2 + 32*h + 16. Give z(31).
47
Let g(y) = 5*y**3 - 4*y**2 - 16*y - 53. Determine g(-4).
-373
Let m(y) = -4*y**2 + 122*y - 281. What is m(-9)?
-1703
Let g(x) = -337*x - 6642. What is g(-23)?
1109
Let b(f) = 2229695*f - 17837576. Give b(8).
-16
Let b(j) = 19568*j + 39591. Determine b(-2).
455
Let y(x) = 6*x**2 + 17357*x + 103944. Give y(-6).
18
Let u(g) = g**3 + 91*g**2 - 2086*g + 212. Calculate u(-110).
-228
Let x(q) = -97478*q + 584856. Give x(6).
-12
Let c(u) = -9*u**2 + 14*u + 535. Calculate c(-7).
-4
Let y(g) = 3*g**2 - 5075*g + 40638. What is y(8)?
230
Let z(o) = 350*o**2 + 2485*o + 52. Give z(-7).
-193
Let v(i) = i**3 - 885*i**2 + 1858*i - 81238. Determine v(883).
-2
Let j(w) = -1128*w + 219524. Determine j(194).
692
Let o(i) = -7*i**3 + 197*i**2 - 439*i + 116. Determine o(26).
-1158
Let a(t) = 18*t**2 - 8794*t + 4869. What is a(488)?
-11
Let x(d) = d**2 + 36757*d + 477690. Calculate x(-13).
18
Let x(p) = -2*p**2 + 